ose -12 = 28*y - p*y. Let z = -3 - y. Calculate the remainder when z is divided by 1.
0
Let z(p) = p**3 + 4*p**2 - 3*p + 10. Let l be z(-5). Suppose -v + 2 + 18 = l. What is the remainder when 52 is divided by v?
12
Suppose -7*x + 103 = -51. What is the remainder when 107 is divided by x?
19
Let p(f) = -7*f**2 - f. Let g be p(-1). Let w(z) = -z**2 - 2*z**2 + 27 + 2*z**2 - 34 - 10*z. Calculate the remainder when w(g) is divided by 6.
5
Let p(t) = -7*t + 113. What is the remainder when p(8) is divided by 12?
9
Suppose 0 = -n + 1, 4*w + 3*n = -w + 78. Let l = 19 - w. Let h = -2 - -5. What is the remainder when l is divided by h?
1
Let p(q) = 2*q**2 + 71*q + 30. What is the remainder when p(-37) is divided by 29?
25
Suppose r - 2*r + 30 = 0. Suppose -184*t - 240 = -199*t. Calculate the remainder when r is divided by t.
14
Let d be 0 - (0/(-1) - 0). Suppose d*i = -9*i + 99. What is the remainder when i is divided by 6?
5
Suppose -3*x - 18 = -4*a + 2, 3*a = 2*x + 16. Calculate the remainder when 60 is divided by a.
4
Let o(n) be the first derivative of n**5/120 - n**4/6 + 3*n**3 - 9. Let d(f) be the third derivative of o(f). Calculate the remainder when 7 is divided by d(8).
3
Let h(g) = g**2 - g. Let s be h(0). Suppose s = 3*t - 143 - 40. What is the remainder when t is divided by 16?
13
Let u(t) = -3 + 2*t + 2*t**3 - 3*t**3 - t**2 + 2*t**3. Calculate the remainder when 1/((2 - 3)/1)*-83 is divided by u(3).
20
Suppose -13*a + 1352 = -702. Calculate the remainder when a is divided by 9.
5
Let h(o) = 67*o**2 + 10 + 10*o + 4*o - 69*o**2. Calculate the remainder when 14 is divided by h(7).
4
Let k = -73 + 76. What is the remainder when 2 + 468/3 - k is divided by 53?
49
Let h(i) = 2*i**2 + 30*i + 9. Let y be h(-17). Let p = y + -53. What is the remainder when p is divided by 5?
4
Let j(q) = -2*q - 13. Let m(w) = 3*w + 13. Let h(u) = -4*j(u) - 3*m(u). Let a be h(11). Suppose -4*b + 70 - a = 0. What is the remainder when b is divided by 6?
5
Let j(i) = i**3 - i**2 + i - 1. Let a be j(2). Let r = a - -12. What is the remainder when r is divided by 6?
5
Let q(i) = 4*i - 41. Let z be q(13). Suppose 4*b - z = 173. What is the remainder when b is divided by 4?
2
Suppose -14*x + 3 = -15*x. Let j(w) = -2*w - 1. Let k be j(x). Suppose k*y - 113 = 42. What is the remainder when 121 is divided by y?
28
Suppose a = p + 2*a + 181, 3*p + 5*a = -549. Calculate the remainder when (-14)/3 - 2/(-3) - p is divided by 36.
30
Suppose 33*v + 68 = 35*v. What is the remainder when v is divided by 19?
15
Let i = 170 - 101. Let t = i - 63. What is the remainder when 13 is divided by t?
1
Suppose 3*u = -n + 4*u + 10, 0 = n + 4*u - 25. Suppose 2*y + 0 = 4. Suppose -q = -3 - y. Calculate the remainder when n is divided by q.
3
Let v = 52 - 26. Suppose m = -2*x + 66, 2*m - x + 183 = 5*m. Let h = m - 10. Calculate the remainder when h is divided by v.
24
Let z(m) = 14*m**2 - 2*m - 2. Suppose v = -4*t + 3*t + 20, -43 = -2*t - v. Calculate the remainder when t is divided by z(-1).
9
Suppose -3*r = -2*q - 390, -100*r + 103*r = -4*q + 372. What is the remainder when r is divided by 59?
10
Suppose 21 - 22 = y. Calculate the remainder when 116 is divided by 5 + 38 - y - 4.
36
Let q = 269 - 215. Calculate the remainder when 211 is divided by q.
49
Calculate the remainder when 99 - -1*(3 + 3) is divided by 16.
9
Let p(v) = v**3 - 5*v**2 - 7. Let r = 4241 - 4234. What is the remainder when p(6) is divided by r?
1
Let s = -141 - -145. Suppose -s*f + 62 = -82. What is the remainder when 214 is divided by f?
34
Let t(y) = 2*y**2 + 15*y - 98. Let a = -77 - -110. Calculate the remainder when a is divided by t(-12).
3
Suppose v = 3*k + 23, -4 = k - 5. Calculate the remainder when 1557 is divided by v.
23
Let b(s) = -s + 7. Let z be b(4). Let w be 31/z - 1/3. Calculate the remainder when 16 is divided by (-90)/(-6)*6/w.
7
Let t(x) = 27*x - 100. What is the remainder when 93 is divided by t(5)?
23
Let x be 76 + (-78)/21 + (-2)/7. Suppose y + x = 5*y. Calculate the remainder when 69 is divided by y.
15
Let u be ((-6)/(-4))/(((-54)/16)/(-9)). Suppose u*b - 296 = -0*b. What is the remainder when b is divided by 20?
14
What is the remainder when 243 is divided by 12 - 14 - (-82 + -3 + 0)?
77
Let c(f) = 2*f**2 - 2*f. Let j be c(4). Suppose 4*h = j + 52. Suppose 5*o = 0, 13*t - 18*t = o - 50. What is the remainder when h is divided by t?
9
Let f(v) = 276*v + 8. What is the remainder when f(1) is divided by 15?
14
Let p(m) = -6*m - 1. Let t be p(1). What is the remainder when (75*1)/((-9)/(-6)) is divided by (-183)/(-7) + t/49?
24
Suppose 0 = 22*j - 0*j - 484. Calculate the remainder when 196 is divided by j.
20
Let c(x) = 3*x**2 - 5*x - 67. What is the remainder when c(10) is divided by 4?
3
Calculate the remainder when (-10 - -9)/(1/(-242)) is divided by 41.
37
Suppose -357 = 461*u - 468*u. What is the remainder when 85 is divided by u?
34
Let n(w) = 18*w**2 + 17*w + 8. Calculate the remainder when n(5) is divided by 109.
107
Suppose -9*w + 2536 + 1262 = 0. What is the remainder when w is divided by 17?
14
Let l = -43 - -35. Let x(b) = -5*b - 11. Calculate the remainder when 55 is divided by x(l).
26
Let j = 338 - 146. What is the remainder when j is divided by 39?
36
Let a = 82 - 71. Suppose t = a*t - 110. What is the remainder when t is divided by 9?
2
Let y = 143 + -118. What is the remainder when 172 is divided by y?
22
Suppose 72 = 5*w - 23. Calculate the remainder when w is divided by 2.
1
Suppose 221*u - 223*u + 244 = 0. What is the remainder when u is divided by 27?
14
Suppose -16*j = -1519 + 335. What is the remainder when 294 is divided by j?
72
Let q = 557 + -544. Calculate the remainder when 62 is divided by q.
10
Let s(f) = f**3 + 5*f**2 + 3*f + 4. Let c = -21 - -14. Let i = 4 + c. What is the remainder when 50 is divided by s(i)?
11
Let x = -45 - -87. Let p = 34 + -30. Let z(n) = -n**3 + 6*n**2 - 7*n + 7. What is the remainder when x is divided by z(p)?
9
Let m(u) = 13*u + 59. Let s(n) = -11*n - 58. Let d(g) = -5*m(g) - 6*s(g). What is the remainder when 64 is divided by d(-28)?
14
Let a be ((-256)/(-8) + 1)*(-1)/1. What is the remainder when (a*2)/((30/4)/(-5)) is divided by 23?
21
Let i(j) = j**3 - 6*j**2 + 11*j - 17. Calculate the remainder when 291 is divided by i(6).
46
Let v = 323 + -243. Calculate the remainder when v is divided by 22.
14
Let y(v) = 15*v + 49. What is the remainder when y(4) is divided by 24?
13
Suppose 3*a = 2*i - 0*i - 121, -3*a + 189 = 3*i. Calculate the remainder when 119 is divided by i.
57
Let p = 321 + -294. Calculate the remainder when 105 is divided by p.
24
Suppose 2*k + 4*m - 242 = -m, 2*k - 3*m - 258 = 0. Let g be ((-16)/4 - k)/(-2). Let x = g + -41. Calculate the remainder when x is divided by 13.
11
Suppose 134 = 22*w - 42. Calculate the remainder when 39 is divided by w.
7
Calculate the remainder when 205 is divided by (-24 - -26)/(176/86 - 2).
33
Suppose -g = -u - 14, -4*u + 5 = -9*u. What is the remainder when 24 is divided by g?
11
Let q(g) = -g + 2. Suppose 9 = -4*t - 3. Let a be q(t). Suppose 2*j + a*y = 12, j - y = 6*j - 30. What is the remainder when 17 is divided by j?
5
Suppose -4*g - 3*t = -106, 0*t = -4*g + t + 114. What is the remainder when 126 is divided by g?
14
Suppose 0 = 7*f - 12*f + 60. Suppose -13*a + 8 = -f*a. Suppose -108 = -a*s + 4*s. Calculate the remainder when s is divided by 15.
12
Let p(z) = -z**3 - 3*z**2 + 2*z - 2. Let a be p(-3). Let q be -10*2/a*-6. Let t = 44 + q. Calculate the remainder when t is divided by 6.
5
Let z(j) = j**3 + 7*j**2 - 16*j + 21. What is the remainder when 122 is divided by z(-9)?
2
Calculate the remainder when ((-88)/10)/(50/(-1750)) is divided by 52.
48
Let l = 63 - -127. Suppose 8*u - 13*u = -l. What is the remainder when u is divided by 13?
12
Let b = 66 - 31. Let i(q) = q**2 - q + 4. Let y be i(0). Suppose y*g - 69 = 3*m - 2*m, -9 = -g + 3*m. Calculate the remainder when b is divided by g.
17
Suppose 375 = 21*b - 1032. Calculate the remainder when b is divided by 35.
32
Let u = 90 + -87. What is the remainder when 44 is divided by 70/u + (-6)/(-9)?
20
Let o be 1 + -3 + (2 - -252). Suppose 0 = -2*u + 6*u - o. Let m = u + -20. Calculate the remainder when m is divided by 15.
13
Suppose -8*w +